{"id":138,"date":"2016-02-10T10:04:13","date_gmt":"2016-02-10T12:04:13","guid":{"rendered":"http:\/\/www.demo.acmethemes.com\/corporate-plus\/?page_id=19"},"modified":"2022-12-19T23:43:36","modified_gmt":"2022-12-20T02:43:36","slug":"contact","status":"publish","type":"page","link":"https:\/\/dblocknano.com\/wordpress\/contact\/","title":{"rendered":"Contato"},"content":{"rendered":"<p>Para maiores informa\u00e7\u00f5es entre em contato conosco por meio do formul\u00e1rio abaixo:<\/p>\n\n\n<hr class=\"wp-block-separator has-text-color has-luminous-vivid-orange-color has-css-opacity has-luminous-vivid-orange-background-color has-background is-style-wide\"\/>\n\n\n\n<section id=\"section-86567a1a-006c-4ad8-bbb8-d9b7660196da\" class=\"wp-block-gutentor-advanced-columns gutentor-section gutentor-advanced-columns has-color-bg has-custom-bg\"><div class=\"grid-container\"><div class=\"grid-row\">\n<div id=\"section-63696c6d-9cd8-4a8f-986d-54b6b1fae0ce\" class=\"wp-block-gutentor-single-column gutentor-single-column  grid-lg-5 grid-md-12 grid-12\">\n<section id=\"section-bf0d9692-92ce-44eb-9913-2ade8023c5cd\" class=\"wp-block-gutentor-content-box gutentor-section gutentor-content-box-wrapper content-template1 g-pos-d-desktop g-pos-d-tablet g-pos-d-mobile\"><div class=\"grid-container\"><div class=\"grid-row gutentor-grid-item-wrap\"><div class=\"gutentor-grid-column grid-lg-12 grid-md-12 grid-12\"><div class=\"gutentor-single-item gutentor-single-item-0\"><div class=\"gutentor-single-item-wrap\"><div class=\"gutentor-single-item-content\"><h4 class=\"gutentor-single-item-title\"><img loading=\"lazy\" decoding=\"async\" width=\"250\" height=\"140\" class=\"wp-image-626\" style=\"width: 250px;\" src=\"https:\/\/dblocknano.com\/wordpress\/wp-content\/uploads\/2022\/12\/d-block-logo-500x280-black.png\" alt=\"\"><br><br>d-Block Nanotecnologia<\/h4><p class=\"gutentor-single-item-desc\">Rua Santos Dumont, 849 &#8211; s702<br>95084-390, Caxias do Sul &#8211; RS &#8211; Brasil<br><strong>Phone:<\/strong>\u00a0+55 54 98415-6764<br><strong>Email:<\/strong>\u00a0<a href=\"mailto:info@dblocknano.com\">contato@dblocknano.com<\/a> <\/p><\/div><\/div><\/div><\/div><div class=\"gutentor-grid-column grid-lg-12 grid-md-12 grid-12\"><div class=\"gutentor-single-item gutentor-single-item-1\"><div class=\"gutentor-single-item-wrap\"><div class=\"gutentor-single-item-content\"><h4 class=\"gutentor-single-item-title\">Hor\u00e1rio de Atendimento<\/h4><p class=\"gutentor-single-item-desc\"><strong>Segunda a Sexta:<\/strong>\u00a09:00 \u00e0s 11:30 \/ 13:30 \u00e0s 17:30<br><strong>S\u00e1bado e Domingo<\/strong><strong>:<\/strong>\u00a0Fechado <\/p><\/div><\/div><\/div><\/div><\/div><\/div><\/section>\n<\/div>\n\n\n\n<div id=\"section-212a8fa4-2a38-46bd-810e-5caae84bde39\" class=\"wp-block-gutentor-single-column gutentor-single-column  grid-lg-7 grid-md-12 grid-12\">\n\n<div class=\"wpcf7 no-js\" id=\"wpcf7-f290-o1\" lang=\"pt-BR\" dir=\"ltr\" data-wpcf7-id=\"290\">\n<div class=\"screen-reader-response\"><p role=\"status\" aria-live=\"polite\" aria-atomic=\"true\"><\/p> <ul><\/ul><\/div>\n<form action=\"\/wordpress\/wp-json\/wp\/v2\/pages\/138#wpcf7-f290-o1\" method=\"post\" class=\"wpcf7-form init\" aria-label=\"Formul\u00e1rios de contato\" novalidate=\"novalidate\" data-status=\"init\">\n<fieldset class=\"hidden-fields-container\"><input type=\"hidden\" name=\"_wpcf7\" value=\"290\" \/><input type=\"hidden\" name=\"_wpcf7_version\" value=\"6.1.2\" \/><input type=\"hidden\" name=\"_wpcf7_locale\" value=\"pt_BR\" \/><input type=\"hidden\" name=\"_wpcf7_unit_tag\" value=\"wpcf7-f290-o1\" \/><input type=\"hidden\" name=\"_wpcf7_container_post\" value=\"0\" \/><input type=\"hidden\" name=\"_wpcf7_posted_data_hash\" value=\"\" \/>\n<\/fieldset>\n<p> Seu nome<br \/>\n<span class=\"wpcf7-form-control-wrap\" data-name=\"your-name\"><input size=\"40\" maxlength=\"400\" class=\"wpcf7-form-control wpcf7-text wpcf7-validates-as-required\" aria-required=\"true\" aria-invalid=\"false\" value=\"\" type=\"text\" name=\"your-name\" \/><\/span>\n<\/p>\n<p> Seu e-mail<br \/>\n<span class=\"wpcf7-form-control-wrap\" data-name=\"your-email\"><input size=\"40\" maxlength=\"400\" class=\"wpcf7-form-control wpcf7-email wpcf7-validates-as-required wpcf7-text wpcf7-validates-as-email\" aria-required=\"true\" aria-invalid=\"false\" value=\"\" type=\"email\" name=\"your-email\" \/><\/span>\n<\/p>\n<p> Assunto<br \/>\n<span class=\"wpcf7-form-control-wrap\" data-name=\"your-subject\"><input size=\"40\" maxlength=\"400\" class=\"wpcf7-form-control wpcf7-text wpcf7-validates-as-required\" aria-required=\"true\" aria-invalid=\"false\" value=\"\" type=\"text\" name=\"your-subject\" \/><\/span>\n<\/p>\n<p> Sua mensagem (opcional)<br \/>\n<span class=\"wpcf7-form-control-wrap\" data-name=\"your-message\"><textarea cols=\"40\" rows=\"10\" maxlength=\"2000\" class=\"wpcf7-form-control wpcf7-textarea\" aria-invalid=\"false\" name=\"your-message\"><\/textarea><\/span>\n<\/p>\n<p><input class=\"wpcf7-form-control wpcf7-submit has-spinner\" type=\"submit\" value=\"Enviar\" \/>\n<\/p><div class=\"wpcf7-response-output\" aria-hidden=\"true\"><\/div>\n<\/form>\n<\/div>\n\n<\/div>\n<\/div><\/div><\/section>\n\n\n\n<hr class=\"wp-block-separator has-text-color has-luminous-vivid-orange-color has-css-opacity has-luminous-vivid-orange-background-color has-background is-style-wide\"\/>\n\n\n\n<div id=\"gm7f69ddb\" class=\"wp-block-gutentor-m8 section-gm7f69ddb gutentor-module gutentor-module-icon-group text-align-center-mobile\"><div class=\"grid-container\">\n<div id=\"section-gf4669b\" class=\"wp-block-gutentor-e5 section-gf4669b gutentor-element gutentor-element-icon gutentor-icon-square-border gutentor-enabled-width\"><a class=\"gutentor-element-icon-link\" href=\"https:\/\/www.facebook.com\/dblocknano\/\" target=\"_blank\" rel=\"noopener noreferrer\"><div class=\"gutentor-element-icon-box\"><i class=\"fab fa-facebook-f\"><\/i><\/div><\/a><\/div>\n\n\n\n<div id=\"section-g4d0523\" class=\"wp-block-gutentor-e5 section-g4d0523 gutentor-element gutentor-element-icon gutentor-icon-square-border gutentor-enabled-width\"><a class=\"gutentor-element-icon-link\" href=\"https:\/\/twitter.com\/dblocknano\" target=\"_blank\" rel=\"noopener noreferrer\"><div class=\"gutentor-element-icon-box\"><i class=\"fab fa-twitter\"><\/i><\/div><\/a><\/div>\n\n\n\n<div id=\"section-g59f622\" class=\"wp-block-gutentor-e5 section-g59f622 gutentor-element gutentor-element-icon gutentor-icon-square-border gutentor-enabled-width\"><a class=\"gutentor-element-icon-link\" href=\"https:\/\/www.linkedin.com\/company\/dblock-nanotecnologia\/\" target=\"_blank\" rel=\"noopener noreferrer\"><div class=\"gutentor-element-icon-box\"><i class=\"fab fa-linkedin-in\"><\/i><\/div><\/a><\/div>\n\n\n\n<div id=\"section-gd84776\" class=\"wp-block-gutentor-e5 section-gd84776 gutentor-element gutentor-element-icon gutentor-icon-square-border gutentor-enabled-width\"><a class=\"gutentor-element-icon-link\" href=\"https:\/\/www.instagram.com\/dblocknano\/\" target=\"_blank\" rel=\"noopener noreferrer\"><div class=\"gutentor-element-icon-box\"><i class=\"fab fa-instagram\"><\/i><\/div><\/a><\/div>\n<\/div><\/div>\n","protected":false},"excerpt":{"rendered":"<p>Para maiores informa\u00e7\u00f5es entre em contato conosco por meio do formul\u00e1rio abaixo:<\/p>\n","protected":false},"author":1,"featured_media":0,"parent":0,"menu_order":0,"comment_status":"closed","ping_status":"closed","template":"","meta":{"footnotes":""},"class_list":["post-138","page","type-page","status-publish","hentry"],"_links":{"self":[{"href":"https:\/\/dblocknano.com\/wordpress\/wp-json\/wp\/v2\/pages\/138","targetHints":{"allow":["GET"]}}],"collection":[{"href":"https:\/\/dblocknano.com\/wordpress\/wp-json\/wp\/v2\/pages"}],"about":[{"href":"https:\/\/dblocknano.com\/wordpress\/wp-json\/wp\/v2\/types\/page"}],"author":[{"embeddable":true,"href":"https:\/\/dblocknano.com\/wordpress\/wp-json\/wp\/v2\/users\/1"}],"replies":[{"embeddable":true,"href":"https:\/\/dblocknano.com\/wordpress\/wp-json\/wp\/v2\/comments?post=138"}],"version-history":[{"count":62,"href":"https:\/\/dblocknano.com\/wordpress\/wp-json\/wp\/v2\/pages\/138\/revisions"}],"predecessor-version":[{"id":931,"href":"https:\/\/dblocknano.com\/wordpress\/wp-json\/wp\/v2\/pages\/138\/revisions\/931"}],"wp:attachment":[{"href":"https:\/\/dblocknano.com\/wordpress\/wp-json\/wp\/v2\/media?parent=138"}],"curies":[{"name":"wp","href":"https:\/\/api.w.org\/{rel}","templated":true}]}}