{"id":381,"date":"2022-04-14T00:54:51","date_gmt":"2022-04-14T03:54:51","guid":{"rendered":"https:\/\/dblocknano.com\/wordpress\/?page_id=381"},"modified":"2022-12-20T02:41:40","modified_gmt":"2022-12-20T05:41:40","slug":"pdi","status":"publish","type":"page","link":"https:\/\/dblocknano.com\/wordpress\/empresa\/pdi\/","title":{"rendered":"Pesquisa, Desenvolvimento e Inova\u00e7\u00e3o"},"content":{"rendered":"\n<div id=\"section-g4dee08\" class=\"wp-block-gutentor-e1 section-g4dee08 gutentor-element gutentor-element-advanced-text text-align-justify-desktop text-align-justify-tablet text-align-justify-mobile\"><div class=\"gutentor-text-wrap\"><p class=\"gutentor-text\">A d-Block Nanotecnologia entende a pesquisa e inova\u00e7\u00e3o cient\u00edfica como uma a\u00e7\u00e3o de investiga\u00e7\u00e3o (m\u00e9todo cient\u00edfico) que envolve desenvolvimentos que podem levar ao surgimento de novos produtos ou processos, que se caracterizam pelo desenvolvimento experimental na fronteira do conhecimento. Gra\u00e7as a grande maioria destas inova\u00e7\u00f5es cient\u00edficas, o ser humano aumentou consideravelmente a sua qualidade e expectativa de vida.\u00a0<br>\u00a0<br>Desse modo, a d-Block Nanotecnologia \u00e9 dedicada a desenvolver junto aos seus clientes, solu\u00e7\u00f5es tecnol\u00f3gicas inovadoras baseadas na aplica\u00e7\u00e3o de nanomateriais como mat\u00e9ria-prima, com o objetivo de aperfei\u00e7oar determinadas propriedades de engenharia de seus produtos, tornando-os mais competitivos.<br>\u00a0<br>A d-Block Nanotecnologia conta com uma equipe de profissionais com experi\u00eancia em PD&amp;I e gest\u00e3o de projetos nas \u00e1reas da f\u00edsica, qu\u00edmica e engenharia e ci\u00eancia dos materiais, al\u00e9m de conv\u00eanios com laborat\u00f3rios de pesquisa e Institui\u00e7\u00f5es de Ci\u00eancia e Tecnologia. Possuindo conhecimento especializado na produ\u00e7\u00e3o de nanopart\u00edculas em escala de laborat\u00f3rio, desenvolvendo metodologias de pesquisa baseadas na s\u00edntese verde, e valida\u00e7\u00e3o destas nanopart\u00edculas por t\u00e9cnicas anal\u00edticas, o que por sua vez permite o controle do tamanho, morfologia e estabilidade do material produzido.<br><\/p><\/div><\/div>\n","protected":false},"excerpt":{"rendered":"","protected":false},"author":1,"featured_media":732,"parent":148,"menu_order":2,"comment_status":"closed","ping_status":"closed","template":"","meta":{"footnotes":""},"class_list":["post-381","page","type-page","status-publish","has-post-thumbnail","hentry"],"_links":{"self":[{"href":"https:\/\/dblocknano.com\/wordpress\/wp-json\/wp\/v2\/pages\/381","targetHints":{"allow":["GET"]}}],"collection":[{"href":"https:\/\/dblocknano.com\/wordpress\/wp-json\/wp\/v2\/pages"}],"about":[{"href":"https:\/\/dblocknano.com\/wordpress\/wp-json\/wp\/v2\/types\/page"}],"author":[{"embeddable":true,"href":"https:\/\/dblocknano.com\/wordpress\/wp-json\/wp\/v2\/users\/1"}],"replies":[{"embeddable":true,"href":"https:\/\/dblocknano.com\/wordpress\/wp-json\/wp\/v2\/comments?post=381"}],"version-history":[{"count":6,"href":"https:\/\/dblocknano.com\/wordpress\/wp-json\/wp\/v2\/pages\/381\/revisions"}],"predecessor-version":[{"id":972,"href":"https:\/\/dblocknano.com\/wordpress\/wp-json\/wp\/v2\/pages\/381\/revisions\/972"}],"up":[{"embeddable":true,"href":"https:\/\/dblocknano.com\/wordpress\/wp-json\/wp\/v2\/pages\/148"}],"wp:featuredmedia":[{"embeddable":true,"href":"https:\/\/dblocknano.com\/wordpress\/wp-json\/wp\/v2\/media\/732"}],"wp:attachment":[{"href":"https:\/\/dblocknano.com\/wordpress\/wp-json\/wp\/v2\/media?parent=381"}],"curies":[{"name":"wp","href":"https:\/\/api.w.org\/{rel}","templated":true}]}}